t is the hundred millions digit of 143049832?
1
What is the thousands digit of 39248717?
8
What is the hundred millions digit of 196594474?
1
What is the hundred millions digit of 632608396?
6
What is the tens digit of 2613219535?
3
What is the tens digit of 44192428?
2
What is the units digit of 496363422?
2
What is the hundred thousands digit of 62005823?
0
What is the hundreds digit of 772156232?
2
What is the hundred thousands digit of 17311558?
3
What is the hundred thousands digit of 3373874792?
8
What is the hundred millions digit of 4418271258?
4
What is the thousands digit of 65330153?
0
What is the hundreds digit of 214883072?
0
What is the millions digit of 156024073?
6
What is the hundreds digit of 687907064?
0
What is the hundred thousands digit of 143632004?
6
What is the hundreds digit of 547260?
2
What is the thousands digit of 110120134?
0
What is the tens digit of 40705935?
3
What is the millions digit of 98811752?
8
What is the hundred thousands digit of 3242836743?
8
What is the ten thousands digit of 117051657?
5
What is the hundred thousands digit of 1970012680?
0
What is the thousands digit of 416445373?
5
What is the hundred thousands digit of 963389951?
3
What is the hundred thousands digit of 71521853?
5
What is the units digit of 150961291?
1
What is the millions digit of 51662227?
1
What is the units digit of 12831761?
1
What is the ten millions digit of 17849029?
1
What is the tens digit of 1765010416?
1
What is the hundreds digit of 4315340562?
5
What is the hundred thousands digit of 3438281609?
2
What is the tens digit of 7222714514?
1
What is the units digit of 647626921?
1
What is the hundreds digit of 54326530?
5
What is the millions digit of 57542347?
7
What is the ten millions digit of 4954702277?
5
What is the hundreds digit of 330639740?
7
What is the hundreds digit of 1862654958?
9
What is the ten millions digit of 111213394?
1
What is the ten thousands digit of 102011227?
1
What is the billions digit of 4090139549?
4
What is the units digit of 842445149?
9
What is the hundred millions digit of 592230453?
5
What is the ten thousands digit of 469627561?
2
What is the units digit of 6386039774?
4
What is the hundred thousands digit of 41972109?
9
What is the hundred thousands digit of 180960880?
9
What is the hundred millions digit of 122063838?
1
What is the hundred thousands digit of 1646192096?
1
What is the hundred thousands digit of 41977024?
9
What is the hundreds digit of 452663239?
2
What is the thousands digit of 632576907?
6
What is the ten millions digit of 3489902284?
8
What is the tens digit of 532776058?
5
What is the ten thousands digit of 98317233?
1
What is the units digit of 971116235?
5
What is the ten thousands digit of 93366217?
6
What is the tens digit of 18462464?
6
What is the millions digit of 2201569485?
1
What is the hundreds digit of 338943639?
6
What is the units digit of 9344038?
8
What is the thousands digit of 57448905?
8
What is the millions digit of 540034702?
0
What is the thousands digit of 34489467?
9
What is the thousands digit of 277707196?
7
What is the ten thousands digit of 420106063?
0
What is the billions digit of 2616843324?
2
What is the tens digit of 275512639?
3
What is the tens digit of 74548027?
2
What is the ten millions digit of 45655833?
4
What is the units digit of 40800752?
2
What is the units digit of 473640190?
0
What is the hundred millions digit of 101094104?
1
What is the thousands digit of 6061791?
1
What is the billions digit of 1227279591?
1
What is the units digit of 408585674?
4
What is the hundreds digit of 12974390?
3
What is the millions digit of 2525186834?
5
What is the units digit of 3915724398?
8
What is the units digit of 120080261?
1
What is the hundred millions digit of 447301469?
4
What is the hundred millions digit of 128818791?
1
What is the ten millions digit of 55231797?
5
What is the thousands digit of 1378306522?
6
What is the tens digit of 4045491?
9
What is the hundred thousands digit of 147507331?
5
What is the thousands digit of 8371605?
1
What is the hundreds digit of 1988744197?
1
What is the thousands digit of 851999?
1
What is the ten thousands digit of 159574777?
7
What is the units digit of 171300057?
7
What is the hundreds digit of 2128040105?
1
What is the millions digit of 217750971?
7
What is the millions digit of 44564913?
4
What is the units digit of 45048376?
6
What is the hundreds digit of 873337608?
6
What is the ten millions digit of 37269726?
3
What is the hundred thousands digit of 3902881692?
8
What is the ten thousands digit of 102169646?
6
What is the hundred thousands digit of 28180919?
1
What is the hundreds digit of 5409819728?
7
What is the billions digit of 1447677702?
1
What is the ten millions digit of 2328645908?
2
What is the units digit of 30370683?
3
What is the thousands digit of 274211571?
1
What is the hundred millions digit of 888618560?
8
What is the units digit of 950130497?
7
What is the units digit of 529806451?
1
What is the millions digit of 1619129129?
9
What is the hundreds digit of 1266154104?
1
What is the hundred millions digit of 198398354?
1
What is the hundred thousands digit of 67165614?
1
What is the units digit of 532936541?
1
What is the millions digit of 9521475?
9
What is the ten millions digit of 92656233?
9
What is the hundred millions digit of 294998978?
2
What is the hundred thousands digit of 7028138?
0
What is the ten millions digit of 722487530?
2
What is the units digit of 804945090?
0
What is the ten millions digit of 1127673159?
2
What is the tens digit of 2467352730?
3
What is the tens digit of 3576170982?
8
What is the ten millions digit of 552763509?
5
What is the hundreds digit of 308370682?
6
What is the hundreds digit of 42943138?
1
What is the hundreds digit of 2612326650?
6
What is the hundred thousands digit of 221389286?
3
What is the thousands digit of 54673602?
3
What is the ten millions digit of 80892357?
8
What is the ten thousands digit of 1118400304?
0
What is the thousands digit of 5276984238?
4
What is the ten thousands digit of 211325371?
2
What is the tens digit of 84452498?
9
What is the hundred thousands digit of 523847030?
8
What is the thousands digit of 28821331?
1
What is the ten thousands digit of 897404853?
0
What is the hundreds digit of 14247346?
3
What is the units digit of 226900402?
2
What is the ten millions digit of 7077564173?
7
What is the units digit of 3033629113?
3
What is the ten thousands digit of 209986137?
8
What is the units digit of 40253235?
5
What is the millions digit of 119949838?
9
What is the millions digit of 987318986?
7
What is the hundred thousands digit of 171193893?
1
What is the units digit of 77473615?
5
What is the hundreds digit of 96136420?
4
What is the ten thousands digit of 57878682?
7
What is the ten millions digit of 242748489?
4
What is the tens digit of 109337242?
4
What is the ten millions digit of 2172608247?
7
What is the hundred thousands digit of 18628139?
6
What is the units digit of 4179918?
8
What is the thousands digit of 2090307761?
7
What is the hundred thousands digit of 395765727?
7
What is the units digit of 65208366?
6
What is the hundreds digit of 674472217?
2
What is the thousands digit of 382732340?
2
What is the ten millions digit of 2841613511?
4
What is the tens digit of 116919899?
9
What is the thousands digit of 3829702558?
2
What is the thousands digit of 37712298?
2
What is the tens digit of 576476987?
8
What is the units digit of 5665834205?
5
What is the billions digit of 5085757086?
5
What is the hundred thousands digit of 1106651795?
6
What is the ten thousands digit of 858735115?
3
What is the hundred thousands digit of 464398465?
3
What is the units digit of 50700346?
6
What is the thousands digit of 8246458?
6
What is the hundred millions digit of 2128856585?
1
What is the thousands digit of 158471706?
1
What is the units digit of 4646762?
2
What is the units digit of 3744521?
1
What is the ten millions digit of 70238031?
7
What is the hundred millions digit of 145885504?
1
What is the hundred millions digit of 236216046?
2
What is the thousands digit of 103916230?
6
What is the hundred thousands digit of 141352346?
3
What is the thousands digit of 333